r when t(0) is divided by 9?
6
Let a(l) = 2*l - 6. Let b be a(3). Let o = b + 14. Calculate the remainder when 41 is divided by o.
13
Let n be 20*((-55)/(-10))/11. Suppose -n*x - 66 = -11*x. What is the remainder when x is divided by 29?
8
Let s(f) = -3*f**3 + 4*f**2 + 8*f - 7. Calculate the remainder when s(-6) is divided by 20.
17
Let y(n) = 2*n**2 + 7*n - 11. Calculate the remainder when (2/4)/(15/2790) is divided by y(-6).
17
Let c = 0 - -7. Suppose -9*m = -c*m - 80. Calculate the remainder when 157 is divided by m.
37
What is the remainder when 6435/(-22)*16/(-20) is divided by 79?
76
Let r = -134 + 155. Calculate the remainder when 412 is divided by r.
13
Suppose q + 6 = -30. Let i = 45 + q. What is the remainder when 53 is divided by i?
8
What is the remainder when (6 + -13 + 9)/((-6)/(-657)) is divided by 15?
9
Suppose 0 = 2*g - 5*l - 126 - 99, l + 108 = g. Let j(o) = 2*o**2 - o - 6. Calculate the remainder when g is divided by j(4).
17
What is the remainder when 76 + (3 - (-11 + 6)) is divided by 24?
12
Suppose -15 = -5*j, 3*l + j = 3 + 138. Suppose 0 = 2*q - 4*q - 3*y + 32, -l = -4*q + 3*y. Calculate the remainder when q is divided by 7 - (2 - (-2 - -2)).
3
Suppose -4 = -4*p + 2*p. Suppose -4*i + 4*c = -92, i = p*c - 6*c + 23. Calculate the remainder when 67 is divided by i.
21
Suppose 550*a - 396 = 547*a. Calculate the remainder when a is divided by 47.
38
Suppose -3*u = u - 164. Calculate the remainder when u is divided by ((-464)/(-174))/(24/45).
1
Let r(q) = -q**2 + 5*q - 6. Let x be r(4). Suppose 5*g + 19 = 69. Calculate the remainder when (-68)/8*x*1 is divided by g.
7
Suppose -28 = 5*l - 5*x + 7, 5*l + 62 = -4*x. Calculate the remainder when 21 is divided by 6 - (99/55 - 2/l).
1
What is the remainder when (8/24)/(4/((-468)/(-1))) is divided by 33?
6
Suppose 0 = 5*l - 2*l - 9. Suppose l*p + 9 = 0, -2*k + 4*p + 51 = 179. What is the remainder when 23 is divided by 3/9 - k/6?
11
Let v be (-3)/(4/(-18) - 77/99). What is the remainder when 25 is divided by 13/(-3)*(v - (2 + 4))?
12
Suppose g + 5*h = 82, -5*h - 305 + 15 = -5*g. Calculate the remainder when 316 is divided by g.
6
What is the remainder when 454 is divided by (20 + (-611)/39)/(1/3)?
12
Calculate the remainder when -17 - -4 - -6 - -164 is divided by 43.
28
Suppose 4305 = -15*i + 56*i. What is the remainder when i is divided by 98?
7
Let s(m) = 7*m**2 - 3. Let g be s(-3). Let z(k) = k**2 + 8*k + 8. Let l be z(-8). Calculate the remainder when 3 is divided by 22/l + 15/g.
0
Let d(q) = 3*q**3 + 3*q**2 - 2*q + 8. Suppose -4*u = 13 + 3, -4*v + 132 = 4*u. What is the remainder when v is divided by d(0)?
5
Suppose 7*l - a = 2*l + 4, -a = -l. Suppose d + 4*d - 50 = 0. Calculate the remainder when 3 + (l - (1 + 3)) + 17 is divided by d.
7
Let q = 8 - 23. Let m = -11 - q. Suppose -2*c - 3*p - 87 = -7*c, 76 = 4*c - 4*p. Calculate the remainder when c is divided by m.
3
Suppose 10*o - 3*o - 42 = 0. Suppose -75 = -5*t + 5*r, 4*t + 4*r = 5*t - 9. What is the remainder when t is divided by o?
5
Let n(t) = -t**2 - 2*t + 4. Suppose 5*a = 2*a - 9. Let w be n(a). Calculate the remainder when 9 is divided by 2 + w - (-3 - -1).
4
Calculate the remainder when (3366/(-264))/(2/(-120)) is divided by 96.
93
Calculate the remainder when 119 is divided by 4/(-22) + (-1776)/(-88).
19
Suppose 4*s - 382 = 2310. Calculate the remainder when s is divided by 85.
78
Calculate the remainder when (-146)/(-365)*(-2 + (-2 - -549)) is divided by 55.
53
Let k be ((-1)/(-2))/(8/384). Suppose 0*c - k = 2*c. What is the remainder when 562/6 - 4/c is divided by 24?
22
Let c = 49 - 18. Suppose -z + 15 = -4*z. What is the remainder when c is divided by (-58)/z + (-3)/5?
9
Let l(c) = 9*c + 3. What is the remainder when 70 is divided by l(4)?
31
Suppose 5*u - n = 40, 2*u + 5*n = 3*u + 16. Let f(y) = y**3 + 9*y**2 - 3*y - 1. What is the remainder when f(-9) is divided by u?
8
Let s(m) = 18*m + 0*m**2 + 4*m**2 - 5*m**2 + 3 - 2. What is the remainder when s(11) is divided by 20?
18
Let j(d) = -d**2 + 7*d + 5. Let r be j(7). Suppose r*s - 955 = -65. What is the remainder when s is divided by 45?
43
Suppose 3*j + 4*w = -4, w = -6*j + 2*j + 12. Let s be 2 - (-3 - (3 - j)). What is the remainder when (s - 14)/(2/(-18)) is divided by 23?
21
Let y = 7 - -16. Let s be (-10)/65 - (-784)/26. Suppose -q = -l + 2, -3*l - 3*q = 2*q - s. Calculate the remainder when y is divided by l.
3
Let l be (1 + 8)*12 - -1. Let f = l + -31. What is the remainder when f is divided by 16?
14
Suppose 459 = -6*q + 153. Let o(x) = 3*x - 3. What is the remainder when (q/(-6) + -8)/((-1)/(-22)) is divided by o(3)?
5
Let b = 6 - 0. Suppose 2*p - b = -p. Suppose -4*h = -p*h + 10, -4*h = 5*y - 45. Calculate the remainder when 35 is divided by y.
9
Let z = -56 - -76. Suppose -2*u + z = 2*u. Calculate the remainder when 19 is divided by u.
4
Let g(l) = l**2 - 4*l - 14. Let n be g(6). Let p be n/(-3) + 30/9. Calculate the remainder when (455/52)/(1/p) is divided by 18.
17
Let k = -134 + 28. Let d = k + 148. Suppose 2*l - 2*u = -4*u + 18, -4*u = 5*l - 47. What is the remainder when d is divided by l?
9
Suppose -763 = -97*t + 3020. What is the remainder when 41 is divided by t?
2
Let v be (5/15)/(1/6). Suppose -1 = s + v, -s + 97 = 2*f. Suppose 3*p - 3*x = 60, x - 65 = -4*p - 0*x. What is the remainder when f is divided by p?
16
Suppose 0 = 2*b - 3*u - 2*u - 138, 2*u = -4*b + 252. Let r(l) = -l**2 + 16*l - 8. Let f be r(6). Let w = 74 - f. What is the remainder when b is divided by w?
20
Let q(d) = -3*d**3 - d**2 - 4*d - 1. Let g be q(-3). Let v = 90 - g. What is the remainder when v is divided by 3?
1
Let v(u) = u**2 - 12*u + 2. Calculate the remainder when v(15) is divided by 12.
11
Let k be (-13)/(-2) + 3/(-2). Let a be 7 - 3 - (2 - 73). Suppose k*d = a - 25. Calculate the remainder when 27 is divided by d.
7
Let u(t) = t - 2. Let b be u(2). Suppose 0 = -5*l + 3*n + 115, b = -4*l + 3*n - 25 + 117. Let p = -21 + l. What is the remainder when 6 is divided by p?
0
Let k = 13 - 13. Suppose k*b = b - 44. Suppose -3*l = -b - 10. Calculate the remainder when l is divided by 10.
8
Suppose 3 = t - 2. Suppose 235*n + 119 = 242*n. Calculate the remainder when n is divided by t.
2
Let h = -6562 + 6609. What is the remainder when h is divided by -1 + (-1)/(-1) + 12?
11
Suppose 4*n + 216 = 4*x, 3*x - 4*n - 32 - 125 = 0. Suppose -x = 3*z + 4. Let d = z - -35. Calculate the remainder when 27 is divided by d.
13
Let g = 979 + -950. What is the remainder when 49 is divided by g?
20
Let v = -235 + 254. Suppose 52 = 3*g - 2*g. Calculate the remainder when g is divided by v.
14
Let q = -77 - -116. Calculate the remainder when q is divided by 14.
11
Suppose -2*p - 3 = -39. Let d = -35 - -59. Calculate the remainder when p is divided by 4 - 4 - (d/(-3) + 3).
3
Let c(l) = l**3 - 2*l**2 + 3. Let w be c(0). What is the remainder when (40/w)/(10/45) is divided by 9?
6
Let c = -19 - -22. Suppose -3*v = -6*v - c*g + 315, -3*v = 5*g - 317. Suppose -49 = -b - 2*r, r - v = -3*b + 48. What is the remainder when b is divided by 11?
7
Let b be (-2)/7 - (-27)/21. Let c(a) = 13*a**3 + a**2 - a. Let q be c(b). Let d = -10 + q. What is the remainder when d is divided by 1?
0
Suppose 7*c - 6*c = 120. Suppose 0*p = 4*p - c. What is the remainder when 56 is divided by p?
26
Let a(f) = -5*f - 6. Let x(q) = -q**3 - 6*q**2 - 6*q. Let w be x(-5). Let n = w + 20. Calculate the remainder when n is divided by a(-3).
7
Let s(o) = 3*o - 54. What is the remainder when s(27) is divided by 16?
11
Let j(u) = -u**2 + 22*u - 10. Let x be j(21). Suppose 0 = k - x*k + 380. Calculate the remainder when 148 is divided by k.
34
Calculate the remainder when 368 is divided by 1/((1/(-354))/((-2)/4)).
14
Let k(j) = 2*j**3 + 30*j**2 - 35*j - 42. What is the remainder when 9 is divided by k(-16)?
3
What is the remainder when ((-40)/(-12) + -2)*(-6735)/(-10) is divided by 129?
124
Suppose -3*w = -m - 0 - 6, 0 = -5*m + 5*w. Suppose 0 = 6*q - m*q - 93. What is the remainder when 122 is divided by q?
29
Let m = 165 - 95. Calculate the remainder when (-2)/(-10) + 126/m is divided by 1.
0
Let v = 778 - 642. What is the remainder when v is divided by 53?
30
Let c be 135/3 + 24/8. Suppose 4*f = 6*f - c. Calculate the remaind